{"id":630,"date":"2019-03-12T16:34:42","date_gmt":"2019-03-12T16:34:42","guid":{"rendered":"http:\/\/www.fest-span.de\/impressum\/"},"modified":"2021-12-07T16:12:11","modified_gmt":"2021-12-07T16:12:11","slug":"impressum","status":"publish","type":"page","link":"https:\/\/www.fest-span.de\/en\/impressum\/","title":{"rendered":"Imprint"},"content":{"rendered":"<section class=\"l-section wpb_row height_auto\"><div class=\"l-section-h i-cf\"><div class=\"g-cols vc_row via_flex valign_top type_default stacking_default\"><div class=\"vc_col-sm-12 wpb_column vc_column_container\"><div class=\"vc_column-inner\"><div class=\"wpb_wrapper\"><section class=\"l-section wpb_row height_auto\"><div class=\"l-section-h i-cf\"><div class=\"g-cols vc_row via_flex valign_top type_default stacking_default\"><div class=\"vc_col-sm-12 wpb_column vc_column_container\"><div class=\"vc_column-inner\"><div class=\"wpb_wrapper\"><div class=\"w-separator size_huge\"><\/div><h1 class=\"w-text us_custom_58b1af09\"><span class=\"w-text-h\"><span class=\"w-text-value\">Imprint<\/span><\/span><\/h1><div class=\"w-separator size_medium\"><\/div><div class=\"g-cols wpb_row via_flex valign_top type_default stacking_default\"><div class=\"vc_col-sm-2 wpb_column vc_column_container\"><div class=\"vc_column-inner\"><div class=\"wpb_wrapper\"><\/div><\/div><\/div><div class=\"vc_col-sm-8 wpb_column vc_column_container\"><div class=\"vc_column-inner\"><div class=\"wpb_wrapper\"><div class=\"wpb_text_column\"><div class=\"wpb_wrapper\"><h6>FEST-SPAN GmbH<br \/>\nAm Dassenborn 11<br \/>\n57482 Wenden<br \/>\nDeutschland<\/h6>\n<h6>E-Mail-Adresse: <a href=\"mailto:info@fest-span.de\">info@fest-span.de<\/a><br \/>\nTelefon: +49 (0) 2762 9763 0<br \/>\nTelefax: +49 (0) 2762 9763 33<\/h6>\n<h6>Managing Director: Mr. Martin Fenske<br \/>\nShareholder: Mr. Martin Fenske<\/h6>\n<h6>Register court &amp; register number: Local court Olpe HRB 7072<br \/>\nSales tax identification number: DE 126 563 294<\/h6>\n<h6>Responsible for content: Martin Fenske<\/h6>\n<h6 class=\"translation-block\">European Commission platform for online dispute resolution (OS) for consumers: https:\/\/ec.europa.eu\/consumers\/odr\/\n. We are not willing and not obliged to participate in a dispute resolution procedure before a consumer arbitration board.<\/h6>\n<\/div><\/div><\/div><\/div><\/div><div class=\"vc_col-sm-2 wpb_column vc_column_container\"><div class=\"vc_column-inner\"><div class=\"wpb_wrapper\"><\/div><\/div><\/div><\/div><div class=\"w-separator size_huge\"><\/div><\/div><\/div><\/div><\/div><\/div><\/section><section class=\"l-section wpb_row height_auto\"><div class=\"l-section-h i-cf\"><div class=\"g-cols vc_row via_flex valign_top type_default stacking_default\"><div class=\"vc_col-sm-12 wpb_column vc_column_container\"><div class=\"vc_column-inner\"><div class=\"wpb_wrapper\"><\/div><\/div><\/div><\/div><\/div><\/section>\n<\/div><\/div><\/div><\/div><\/div><\/section>","protected":false},"excerpt":{"rendered":"ImpressumFEST-SPAN GmbH Am Dassenborn 11 57482 Wenden Deutschland E-Mail-Adresse: info@fest-span.de Telefon: +49 (0) 2762 9763 0 Telefax: +49 (0) 2762 9763 33 Gesch\u00e4ftsf\u00fchrer: Herr Martin Fenske Gesellschafter: Herr Martin Fenske Registergericht &amp; Registernummer: Amtsgericht Olpe HRB 7072 Umsatzsteuer-Identifikationsnummer: DE 126 563 294 Verantwortlicher f\u00fcr Inhalt: Martin Fenske Plattform der Europ\u00e4ischen Kommission zur Online-Streitbeilegung (OS) f\u00fcr...","protected":false},"author":1,"featured_media":0,"parent":0,"menu_order":0,"comment_status":"closed","ping_status":"closed","template":"","meta":{"footnotes":""},"class_list":["post-630","page","type-page","status-publish","hentry"],"_links":{"self":[{"href":"https:\/\/www.fest-span.de\/en\/wp-json\/wp\/v2\/pages\/630","targetHints":{"allow":["GET"]}}],"collection":[{"href":"https:\/\/www.fest-span.de\/en\/wp-json\/wp\/v2\/pages"}],"about":[{"href":"https:\/\/www.fest-span.de\/en\/wp-json\/wp\/v2\/types\/page"}],"author":[{"embeddable":true,"href":"https:\/\/www.fest-span.de\/en\/wp-json\/wp\/v2\/users\/1"}],"replies":[{"embeddable":true,"href":"https:\/\/www.fest-span.de\/en\/wp-json\/wp\/v2\/comments?post=630"}],"version-history":[{"count":2,"href":"https:\/\/www.fest-span.de\/en\/wp-json\/wp\/v2\/pages\/630\/revisions"}],"predecessor-version":[{"id":1091,"href":"https:\/\/www.fest-span.de\/en\/wp-json\/wp\/v2\/pages\/630\/revisions\/1091"}],"wp:attachment":[{"href":"https:\/\/www.fest-span.de\/en\/wp-json\/wp\/v2\/media?parent=630"}],"curies":[{"name":"wp","href":"https:\/\/api.w.org\/{rel}","templated":true}]}}

ImpressumFEST-SPAN GmbH Am Dassenborn 11 57482 Wenden Deutschland E-Mail-Adresse: info@fest-span.de Telefon: +49 (0) 2762 9763 0 Telefax: +49 (0) 2762 9763 33 Geschäftsführer: Herr Martin Fenske Gesellschafter: Herr Martin Fenske Registergericht &amp; Registernummer: Amtsgericht Olpe HRB 7072 Umsatzsteuer-Identifikationsnummer: DE 126 563 294 Verantwortlicher für Inhalt: Martin Fenske Plattform der Europäischen Kommission zur Online-Streitbeilegung (OS) für...
